3*a. Suppose -2*d - j - 1 = a, -d + 2 = -0*d - 2*j. Suppose 14*y - 9*y - 1055 = d. Is y a composite number?
False
Is 17793 + 4/(-14)*(-30 - (4 - 6)) a prime number?
False
Is (6 - (13 - 381468))*1 a prime number?
True
Let s be (-2 - (0 - -2)) + -10. Let c = -14 - s. Suppose a - 4*a + 471 = c. Is a composite?
False
Let w(i) = -i**2 + 6*i + 96. Let t be w(13). Is ((-3)/(-3) + -12848)*(-5)/t a prime number?
False
Let q = 1795542 - 982435. Is q prime?
True
Let y(t) = 56*t - 22. Let q be y(9). Let d = -1173 - q. Is d/(-7) - 4/(-7) prime?
False
Let h be ((-3)/6)/((60/104)/(-15)). Let x(n) = -n**3 + 16*n**2 + 6*n - 22. Is x(h) prime?
True
Let i(g) = -488*g**2 - 12*g. Let z(p) = -2440*p**2 - 59*p + 1. Let s(c) = -11*i(c) + 2*z(c). Is s(-4) composite?
True
Is -17337*(12/(-14) + 9/(-63)) prime?
False
Let u be (-27)/45 + 12/(-5). Let b be 0*2/6 + (u - -5). Suppose 3*i = -2*r + 6818, -b*i - 6818 = -2*r - 0*r. Is r composite?
True
Let l be (-6)/(-33) - (-150)/22. Suppose -5*m = 2*t - 6043, -3*m - 2*t + l*t = -3601. Let i = 1940 - m. Is i a composite number?
False
Suppose -34*d - 27*d + 14 = -108. Suppose -3*c - 3*n + 3 = -0*c, 0 = 2*c + 3*n. Is 879/(-9)*c*(-2)/d a prime number?
True
Let c = 4 + 8. Suppose -c*s - 82 = -14*s. Suppose 39*m = s*m - 5690. Is m prime?
False
Suppose 0 = 5*m - 4*n - 1922553, -m - 1153533 = -4*m + 3*n. Is m composite?
False
Let u(l) = -l**3 - 8*l**2 + l + 7. Let m(c) = c**3 + 10*c**2 - c - 8. Let r(d) = -6*m(d) - 5*u(d). Is r(-27) composite?
True
Is 1*88631 + 156 + -144 a composite number?
False
Let b(y) = -4327*y - 75. Is b(-6) composite?
True
Suppose -5*w = -6*w + 5835. Suppose 4*x = -3*n + w, 8*n - 3*n - 5*x - 9760 = 0. Is n composite?
False
Let v(c) be the first derivative of 2*c**3/3 + 2*c**2 + 7*c - 158. Suppose 9*d - 14*d - 40 = 0. Is v(d) prime?
True
Suppose 4*i - 27 + 7 = 0. Suppose j + 88 = -3*k, -i*j + k = 429 + 75. Is (-75)/j*(891 + 1) a prime number?
False
Let o(y) = 121*y - 17. Let m = -36 - -29. Let k be o(m). Let p = k + 1385. Is p composite?
False
Let w = -440 - -442. Suppose w*a - 6*a = 0, -3*u = -4*a - 52707. Is u prime?
True
Is 796972/(-33)*(-12)/16 prime?
False
Let r(t) = -t**3 + 0*t**3 + 138 + 0*t**3 - 32. Suppose -2*h - 12 = 3*i, i + 4 = -4*h - h. Is r(h) composite?
True
Is 3489*((-150)/(-18) + (9 - 15)) composite?
True
Suppose 0 = -6*m + 80*m - 740. Suppose -m*l - 3*b - 30782 = -12*l, 0 = -l - b + 15391. Is l prime?
True
Let h = -22461 + 53594. Is h composite?
True
Is ((-88)/12 - 2/(-6)) + 29*1980 a composite number?
False
Suppose 5*z - 14 = 3*o - 5*o, 4*o - 2*z - 4 = 0. Let q be (o/(-1))/((-2363)/(-2364) + -1). Suppose 5*v - 2358 = -2*b + 6*v, -4*b + q = -5*v. Is b prime?
False
Suppose -m - 21 = -4*u - 4, u - 2*m - 13 = 0. Suppose -2*b = 2*h - 10436, 8*h - u*b = 12*h - 20877. Is h composite?
True
Suppose -3*p + 2329 + 9140 = 5*w, -5*w = -3*p - 11451. Suppose 3*q + 5*f = 8*q - 11360, w = q - 5*f. Is q a prime number?
True
Is (-36)/456*(-4)/(-3) - 5078394/(-342) a composite number?
True
Suppose 8*u + 2*u - 501607 = -13*u. Is u a prime number?
False
Let r be (-2)/1 + 1*4. Suppose r*w + 4*q = 12122, -5*q = -3*w + 12827 + 5312. Is w a prime number?
True
Let k(o) = 643*o**2 + 86*o - 256. Is k(11) composite?
True
Let g(k) = -178*k + 521*k - 33 - 170*k - 213*k. Suppose d + 8 = -d. Is g(d) a prime number?
True
Suppose 72*q - 4366732 = -4*q. Is q a composite number?
False
Let z(y) = y**3 - 38*y**2 + 67*y + 137. Is z(54) prime?
True
Suppose -29*d = -47*d + 132174. Is d prime?
False
Suppose -3*u - 10 = -5*u - 4*r, 2*r = 2. Suppose -11 = -2*v - u. Suppose 4*h + 2336 = v*k - 448, 0 = 2*k - h - 1390. Is k a prime number?
False
Let l = -8 - -324. Let s = l - -132. Suppose -2*x + s + 562 = 0. Is x prime?
False
Let f = 23668 - 11031. Is f composite?
False
Let a(b) = -b**3 - 9*b**2 - 15*b - 2. Let n be 42/70 - (1 - 33/(-5)). Let v be a(n). Suppose -j = v, 282 = d - 2*j - 3*j. Is d a prime number?
True
Let j = 158164 - 57542. Is j prime?
False
Is (-2035)/(-814) + (198074/4 - 2) a prime number?
False
Suppose 0 = -157*v + 19420300 - 5597549. Is v prime?
False
Let g be (-28)/(-8) + 4/8. Suppose 4*b = -4*u + g, -4*b + b = -u - 15. Suppose -b*j - 4*t + 800 = 0, 214 = j + 2*t + 19. Is j composite?
True
Let a(p) = 3096*p - 25. Suppose 5*i + 189 = 32*i. Is a(i) prime?
True
Let k = 984268 + -677615. Is k composite?
False
Let m(f) = 81*f**2 + 19*f + 433. Is m(-39) prime?
False
Let d(u) = 45*u**2 + u - 4. Suppose -3*x + 8 = m, -5*x - 3*m = m - 18. Let z be d(x). Suppose -z = -3*f + v, 4*v - 54 - 46 = -2*f. Is f a prime number?
False
Is (-12012)/1638*(1 + (-137075)/2) composite?
True
Suppose -2*y + 656 = -402. Let a = y - -1754. Is a a prime number?
False
Let l(m) = m**2 + 10*m + 18. Let t be l(-8). Suppose -5*k = 2*g - 45, -t*k = -5*g + 3*g + 10. Suppose 5*p + 4*x = 69 - g, 4*p + x - 45 = 0. Is p a prime number?
True
Let c(a) = 28*a**2 - 31*a - 102. Let r be c(-6). Let f = 905 + -267. Suppose f + r = 2*x. Is x composite?
True
Suppose 5*r - 5*h + 35 = 0, r + 2*r + 2*h = -6. Let y be (1 + 3)*(2/r - -1). Suppose -5*n + y*n - 5*z = -170, z + 164 = 3*n. Is n prime?
False
Suppose -x + 4*t + 28 = 0, 8*x = 6*x - 3*t + 1. Let a(c) = 81*c**2 + 6*c + 25. Is a(x) prime?
False
Suppose n - 4*w = 373157, 10070 = n + 2*w - 363045. Is n a prime number?
False
Let g(v) be the second derivative of 3/20*v**5 + 0 - 4*v - v**2 - 5/6*v**4 + 2/3*v**3. Is g(7) composite?
True
Suppose -5*i + 300781 = -4*a, -68*a - 8 = -66*a. Is i prime?
False
Suppose -4*v = -23 + 43, -3*t + 2*v = -226879. Is t prime?
False
Suppose -7*r = -11*r + 4*f - 19688, 4*f - 20 = 0. Is r/(-7) + (-32)/(-56) composite?
True
Is (-11 - 128/(-12))*3 - -65867 composite?
True
Let h(s) = -67*s**2 - 15*s - 70. Let a be h(-7). Let g = a - -5879. Is g composite?
True
Suppose -393706 = 27*q - 29*q - 3*t, 590559 = 3*q - 2*t. Is q a composite number?
False
Let j(p) = -58770*p + 3487. Is j(-9) a prime number?
True
Suppose 2*t = i - 202915, 0 = -44*i + 48*i - 5*t - 811669. Is i composite?
False
Let s = -6 + 9. Suppose 0 = p + 2*l - 5*l + 13, 31 = -p - s*l. Is 4 + 84/p - 12831/(-33) composite?
False
Is (2/((-7)/((-3020969)/(-2))))/1*-1 a composite number?
False
Suppose -5*x + 68 + 137 = 0. Let d(g) = 1 + 8*g**2 + 3 + x*g**3 + g - 40*g**3. Is d(7) a prime number?
False
Let r = 122834 + 192065. Is r a composite number?
True
Suppose 0 = -3*n - n + r + 1115914, -2*r - 1394897 = -5*n. Is n composite?
True
Suppose -n - 4*r = 2, 0 = n - 2*r + 3 - 7. Suppose -4*w - 1079 = -2*g - 25005, -4*w - n*g + 23922 = 0. Is w composite?
False
Let u = 41 + -43. Let f be (2 - u) + -12 - 2. Let i(v) = 54*v**2 - 5*v + 5. Is i(f) prime?
False
Let f be -3*(2 - 14/6). Let r(k) = -3615*k - 6. Let m be r(f). Let y = -1100 - m. Is y composite?
False
Suppose -36*j + 42*j - 6204 = 0. Let k be (-6939)/11 + (-4)/22. Let f = k + j. Is f composite?
True
Suppose -223883 = -4*g - 3*q, 4*q - 30543 + 86490 = g. Is g a prime number?
True
Let x be (25/(-15))/((-7)/21). Suppose 0*s + 5*s = -2*k + 50553, x*s - 2*k = 50557. Is s composite?
False
Let r = 239 + -25. Let n = -336 + r. Let x = 191 + n. Is x prime?
False
Let m = 862 + -1327. Let z = m - -820. Is z composite?
True
Is -1 + 4039 + (-168 - -164) prime?
False
Let g be (-1 - (-4 + 5))*(-18)/4. Let h be ((-21)/(-18) - (-3)/g)*2. Suppose h*o = 798 + 153. Is o a prime number?
True
Let r = -97408 - -182567. Is r prime?
True
Let o = 220 + -218. Suppose -2*f - 2*a + 24494 = 0, -3*f - o*f - 3*a + 61235 = 0. Is f a prime number?
False
Let c(p) = 607*p**2 + 51*p + 3. Is c(-5) a prime number?
True
Suppose -267384 = -252*y + 248*y + 4*j, 4*y + j - 267359 = 0. Is y composite?
False
Suppose 0 = 5*r - 16*r. Suppose -2*j + 284 = 2*t - 106, r = -4*t + 16. Is j composite?
False
Let j be 9 + (-15)/5 + -4. Suppose -4 = -2*a - a + q, -5*q + 31 = 2*a. Suppose -2*s + 4*s = -j*b + 748, a*b + 4*s - 1117 = 0. Is b a composite number?
False
Is (128/(-120))/(-8) + -1914215*(-2)/150 a composite number?
False
Let k(w) = -6702*w + 1631. Is k(-8) composite?
True
Let m = 64821 + -38600. Suppose -2*t = -3*g + m, 4*t - 17367 = -3*g + 8878. Is g a prime number?
False
Suppose 0 = 68*c - 139 - 133. Suppose -8*f + 4*f = -5*g - 27, 2*f = -3*g - 3. Suppose 1171 = 2*u + 3*p - c*p, 0 = -f*u + 5*p + 1774. Is u a prime number?
False
Le